
463
Let k(h) = -1779*h**2 - 58*h + 99. What is k(2)?
-7133
Let f(b) = 7*b**3 + 10*b**2 - b + 9. Give f(-2).
-5
Let p(y) = -y**2 + 1787*y - 33643. What is p(19)?
-51
Let p(t) = -837*t**3 - 8*t**2 + 9*t - 4. Calculate p(1).
-840
Let y(a) = -2*a**3 + 40*a**2 - 640*a + 12811. Calculate y(20).
11
Let k(p) = 476*p - 15727. Calculate k(33).
-19
Let y(c) = c**3 + 3*c**2 - 1118*c - 7627. Give y(-7).
3
Let g(p) = -24861*p - 47117. What is g(-2)?
2605
Let x(c) = -478985*c + 478970. Give x(1).
-15
Let w(x) = 11*x**2 + 2455*x - 30536. Determine w(-235).
14
Let x(t) = 4749*t - 142509. What is x(30)?
-39
Let x(q) = q**3 + 211*q**2 + 4148*q - 261. Calculate x(-22).
-41
Let f(b) = -b**3 - 2*b**2 + 200*b + 1093. Give f(0).
1093
Let z(m) = -129*m - 4457. Give z(-32).
-329
Let y(o) = -2*o**2 - 4902*o + 2023924. What is y(360)?
4
Let m(j) = -j**3 + 4*j**2 + 526*j - 5333. Give m(16).
11
Let i(x) = 7*x**2 - 2499*x - 39087. Determine i(-15).
-27
Let v(c) = -22*c**2 + 72*c + 272. What is v(-3)?
-142
Let f(w) = -12647*w - 214989. Calculate f(-17).
10
Let w(y) = -8*y**3 - 439*y**2 + 108*y + 2893. What is w(-55)?
-22
Let m(a) = 4471*a**2 - 7*a - 58. Determine m(0).
-58
Let x(p) = -p**3 - 135*p**2 - 125*p + 1208. Calculate x(-134).
2
Let s(x) = -2*x**3 - 134*x**2 + 173*x + 2477. Determine s(-68).
-39
Let k(q) = -76*q - 15934. Give k(-190).
-1494
Let r(q) = q**3 - 10*q**2 - 9391*q + 93789. What is r(10)?
-121
Let c(w) = 55*w**3 + 8*w**2 + 60*w + 85. Calculate c(-2).
-443
Let q(p) = p**2 + 167*p - 686. Calculate q(9).
898
Let a(f) = 738*f + 104843. What is a(-142)?
47
Let r(b) = b**2 - 60712*b - 971640. Give r(-16).
8
Let o(d) = -16*d**2 - 70*d + 2188. Determine o(-14).
32
Let q(o) = 2*o**2 + 26*o - 242. What is q(11)?
286
Let v(i) = i**3 + 53*i**2 + 154*i - 2179. Calculate v(-9).
-1
Let y(z) = 286*z - 44112. Calculate y(154).
-68
Let k(f) = -20*f - 14599. Determine k(-730).
1
Let r(h) = -339*h - 5087. What is r(-13)?
-680
Let y(d) = -15*d**2 - 207*d + 798. What is y(-18)?
-336
Let c(h) = h**2 + 83*h - 323. Give c(-94).
711
Let k(x) = -498204*x - 2989218. Give k(-6).
6
Let r(j) = 214351*j + 1500567. What is r(-7)?
110
Let n(w) = -1800*w - 397797. Determine n(-221).
3
Let o(u) = -62*u + 8748. Calculate o(141).
6
Let n(g) = -14*g**2 + 136*g + 75. Give n(10).
35
Let c(d) = 53263*d - 213018. Give c(4).
34
Let k(s) = -s**2 + 61242*s - 1591594. Give k(26).
22
Let w(b) = 472*b**2 - 5142*b + 103. Determine w(11).
653
Let x(q) = -5850*q + 233984. What is x(40)?
-16
Let c(w) = w**2 - 19907*w + 556624. Give c(28).
12
Let t(y) = -14744*y + 353211. Give t(24).
-645
Let p(o) = o**3 - 24*o**2 - 278*o + 6495. Give p(16).
-1
Let b(y) = -y**2 - 27980*y - 10624077. Calculate b(-385).
-2
Let c(y) = -16*y + 1597. Determine c(61).
621
Let h(z) = 12*z**3 + 166*z**2 + 87*z - 554. What is h(-13)?
5
Let y(t) = -2*t**2 + 807*t + 213124. Determine y(-182).
2
Let i(n) = -161*n + 12517. Calculate i(74).
603
Let o(u) = 28*u**2 - 137*u - 744. Give o(-7).
1587
Let t(k) = -2*k**3 + 4*k**2 - 62*k - 65. Give t(-8).
1711
Let z(w) = -10789*w**2 - 161821*w + 210. Determine z(-15).
0
Let r(c) = -7*c**2 + 363*c - 4302. Give r(34).
-52
Let s(m) = -133*m**2 + 533*m - 10. Determine s(4).
-6
Let d(k) = 12*k**2 + 58*k - 304. Calculate d(6).
476
Let g(w) = -87*w**2 - 2457*w - 15055. Give g(-9).
11
Let w(l) = 795*l - 7991. Calculate w(10).
-41
Let a(z) = -825*z - 2106. Give a(0).
-2106
Let a(b) = 11*b**3 + 61*b**2 - 17310*b - 86702. What is a(-5)?
-2
Let u(s) = -6225*s + 174207. What is u(28)?
-93
Let d(s) = -4*s**2 + 751*s + 5322. Give d(-7).
-131
Let m(k) = -k**3 - 275*k**2 + 4144*k - 1352. Give m(14).
20
Let r(h) = 6*h**3 - 242*h**2 + 791*h - 42. What is r(37)?
1845
Let p(s) = s**3 + 57*s**2 + 2686*s + 136284. Calculate p(-54).
-12
Let p(h) = -48*h**2 - 49*h - 122. Determine p(-3).
-407
Let a(l) = -l**3 - 11*l**2 + 8129*l + 97409. Determine a(-12).
5
Let h(g) = -65419*g - 523341. What is h(-8)?
11
Let j(x) = -2*x**3 + 4*x**2 - 121*x + 1291. Determine j(7).
-46
Let b(q) = 2802*q**2 + 198944*q + 70. What is b(-71)?
-72
Let l(n) = -10*n**2 + 634*n - 7065. Calculate l(49).
-9
Let r(c) = -22814*c + 228031. Determine r(10).
-109
Let v(m) = m**2 - 150*m + 4225. Determine v(31).
536
Let s(q) = -59*q**3 + 6*q**2 + 3*q - 16. Calculate s(2).
-458
Let z(b) = b**3 + 12*b**2 + 26*b - 72. Calculate z(-17).
-1959
Let m(o) = 6*o**2 + 5681*o - 4247432. Determine m(492).
4
Let j(a) = -4937*a + 394966. What is j(80)?
6
Let u(y) = 5*y**2 + 322*y + 42. Determine u(-73).
3181
Let j(z) = -37735*z**2 + 75483*z - 29. Give j(2).
-3
Let p(v) = 31*v**2 - 17*v + 95. Calculate p(-6).
1313
Let y(z) = 2*z**3 - 191*z**2 + 294*z - 1046. Determine y(94).
82
Let o(a) = -126497*a - 5439365. What is o(-43)?
6
Let b(r) = -2310*r - 101626. Determine b(-44).
14
Let m(b) = 11*b**3 - 9*b**2 + 30*b - 150. Determine m(6).
2082
Let y(g) = -31*g**2 - 2747*g - 5498. Calculate y(-2).
-128
Let b(s) = s**3 - 304*s**2 + 13882*s + 1654. What is b(248)?
166
Let u(x) = -71*x - 8457. Determine u(-119).
-8
Let j(a) = -18*a**3 + 676*a**2 + 295*a + 111. Give j(38).
-231
Let g(p) = 509*p - 12262. Determine g(26).
972
Let a(t) = 372*t + 10085. Give a(-26).
413
Let n(x) = 2*x**2 + 167*x + 804. Calculate n(-5).
19
Let a(h) = 5191*h + 788805. Determine a(-152).
-227
Let s(r) = -263*r - 1058. Calculate s(-4).
-6
Let d(k) = 12688*k - 9668258. Give d(762).
-2
Let r(h) = 2*h**3 - 1073*h**2 - 769*h - 454619. Calculate r(538).
-9
Let w(m) = 2*m**3 + 419*m**2 - 2105*m - 38299. Determine w(-214).
7
Let j(i) = -8*i**2 - 1646*i - 11449. Determine j(-7).
-319
Let g(y) = -1056*y + 55735. What is g(54)?
-1289
Let p(b) = b**3 + 107*b**2 - 6062*b - 245. What is p(41)?
1
Let q(h) = -h**3 + 7*h**2 + 57*h - 634. Calculate q(11).
-491
Let n(u) = -2*u**3 + 125*u**2 - 58*u - 91. Determine n(62).
157
Let u(p) = 192*p - 82044. Give u(427).
-60
Let i(u) = 587*u - 1955. Determine i(3).
-194
Let u(n) = 218*n + 19124. Determine u(-88).
-60
Let v(c) = -115*c**2 - 971*c - 5421. Calculate v(-6).
-3735
Let d(j) = 16*j**3 + 7800*j**2 - 27498*j - 961. Determine d(-491).
21
Let j(o) = -92294*o + 3045701. Determine j(33).
-1
Let z(f) = 2*f**2 - 172*f + 5139. Determine z(77).
3753
Let h(s) = 95*s**3 + 313*s**2 - 319*s + 6. Calculate h(1).
95
Let l(a) = -4*a**3 - 10*a**2 + 2824*a - 8281. Give l(3).
-7
Let q(u) = -4*u**3 + 12*u**2 + 17*u + 101. Give q(-4).
481
Let h(j) = 5*j**3 + 32*j**2 + 73*j + 166. Calculate h(-7).
-492
Let x(t) = -1420184*t + 25563313. Calculate x(18).
1
Let q(r) = 4*r**2 - 30*r - 88. Determine q(8).
-72
Let b(v) = -2*v**2 - 282*v + 22481. Calculate b(-196).
921
Let w(r) = -34*r**2 + 3920*r - 3924. Determine w(1).
-38
Let q(g) = g**3 + 12*g**2 - 36*g + 235. What is q(-15)?
100
Let b(a) = -a**3 - 14*a**2 - 55*a + 61. Determine b(0).
61
Let d(b) = 54*b**2 - 873*b + 6886. Calculate d(8).
3358
Let l(k) = -k**3 - 164*k**2 + 7944*k + 1321438. Give l(-163).
-3
Let m(c) = -c**3 - 23*c**2 + 183*c + 173. Give m(-29).
-88
Let l(c) = 7*c**2 + 1550*c + 6934. Calculate l(-217).
207
Let g(t) = 34*t - 2953. Determine g(97).
345
Let b(r) = 3*r**3 + 8*r**2 - 208*r - 848. Determine b(-4).
-80
Let q(b) = 2*b**3 + 363*b**2 + 462*b + 117197. Give q(-182).
-11
Let j(h) = 240209*h**2 - 1201048*h + 20. Calculate j(5).
5
Let n(w) = w**2 - 48959*w + 146914. Calculate n(3).
46
Let p(x) = 17732*x - 1383097. What is p(78)?
-1
Let s(r) = 4*r**2 + 67*r - 2664. Determine s(18).
-162
Let b(g) = 136*g + 22243. Give b(-162).
211
Let p(k) = 371*k + 26728. Give p(-72).
16
Let u(c) = -1801*c**3 - 18011*c**2 + 5*c + 155. Give u(-10).
5
Let r(s) = -347*s + 51568. What is r(149)?
-135
Let j(d) = 7*d**2 - 310*d + 1498. Determine j(5).
123
Let v(u) = -10*u**3 - 3*u**2 + 1266*u - 2535. Give v(2).
-95
Let t(a) = 15*a**2 - 2245*a + 5976. Determine t(147).
96
Let x(g) = 4*g**2 + 275*g + 4224. Give x(-41).
-327
Let i(r) = -7349*r + 337960. Give i(46).
-94
Let z(q) = -24415*q + 48588. Give z(2).
-242
Let v(p) = 62077*p + 434541. Determine v(-7).
2
Let s(w) = -1310*w - 13544. Give s(-10).
-444
Let x(q) = 2*q**3 + 52*q**2 - 48*q - 52. Determine x(-19).
5914
Let u(v) = -2*v**3 - 4*v**2 + 48*v + 125. What is u(-3)?
-1
Let o(d) = -127*d + 3990. What is o(34)?
-328
Let k(j) = -10725*j**2 + 278850*j - 7. Calculate k(26).
-7
Let c(q) = 17*q**3 + 310